{"id":2131,"date":"2023-04-04T16:06:45","date_gmt":"2023-04-04T14:06:45","guid":{"rendered":"https:\/\/www.atarinside.com\/blog\/?page_id=2131"},"modified":"2023-04-17T00:25:58","modified_gmt":"2023-04-16T22:25:58","slug":"connaitre_le_basic_atari","status":"publish","type":"page","link":"https:\/\/www.atarinside.com\/blog\/index.php\/books\/connaitre_le_basic_atari\/","title":{"rendered":"Connaitre le BASIC Atari\u00a0"},"content":{"rendered":"<h1><span style=\"text-decoration: underline;\"><strong>Connaitre le BASIC Atari\u00a0<\/strong><\/span><\/h1>\n<p><img loading=\"lazy\" decoding=\"async\" class=\"\" src=\"https:\/\/www.atarinside.com\/blog\/wp-content\/uploads\/2023\/04\/Connaitre-le-basic-Atari.001-scaled.jpg\" alt=\"Connaitre le-basic Atari\" width=\"351\" height=\"500\" \/>\u00a0<img loading=\"lazy\" decoding=\"async\" src=\"https:\/\/www.atarinside.com\/blog\/wp-content\/uploads\/2023\/04\/Connaitre-le-basic-Atari.006-scaled.jpg\" alt=\"\" width=\"343\" height=\"500\" \/><img loading=\"lazy\" decoding=\"async\" src=\"https:\/\/www.atarinside.com\/blog\/wp-content\/uploads\/2023\/04\/Connaitre-le-basic-Atari.005-scaled.jpg\" alt=\"\" width=\"343\" height=\"500\" \/><\/p>\n<p><img loading=\"lazy\" decoding=\"async\" src=\"https:\/\/www.atarinside.com\/blog\/wp-content\/uploads\/2023\/04\/Connaitre-le-basic-Atari.044-scaled.jpg\" alt=\"\" width=\"345\" height=\"500\" \/><img loading=\"lazy\" decoding=\"async\" src=\"https:\/\/www.atarinside.com\/blog\/wp-content\/uploads\/2023\/04\/Inside-Atari-Basic.1-scaled.jpg\" alt=\"\" width=\"366\" height=\"500\" \/>\u00a0<img loading=\"lazy\" decoding=\"async\" src=\"https:\/\/www.atarinside.com\/blog\/wp-content\/uploads\/2023\/04\/Inside-Atari-Basic.2-scaled.jpg\" alt=\"\" width=\"369\" height=\"500\" \/><\/p>\n<p><strong>Introduction :<\/strong><br \/>\n&#8220;Le but de cet ouvrage est de vous familiariser le plus simplement possible avec les concepts de base de la programmation en BASIC.<br \/>\nCe livre est un manuel de travail \u00e0 utiliser avec un Ordinateur-Maison ATARI\u00ae.<br \/>\nLorsque vous aurez fini de le lire, vous aurez non seulement acquis une connaissance de base du langage BASIC mais serez \u00e9galement familiaris\u00e9 avec les possibilit\u00e9s SONORES et GRAPHIQUES de l&#8217;ordinateur ATARI, ainsi qu&#8217;avec ses autres caract\u00e9ristiques.<br \/>\nJ&#8217;ai volontairement laiss\u00e9 de c\u00f4t\u00e9 les organigrammes, un grand nombre de d\u00e9tails superflus, beaucoup d&#8217;exceptions aux r\u00e8gles et d&#8217;autres approches \u00e9ducatives traditionnelles de l&#8217;ordinateur qui, maux n\u00e9cessaires pour le programmeur professionnel, ont tendance \u00e0 g\u00eaner le d\u00e9butant.<br \/>\nLa programmation professionnelle demande une attention fastidieuse et une pr\u00e9cision au d\u00e9tail pr\u00e8s, alors que l&#8217;apprentissage de programmes \u00e9l\u00e9mentaires sur votre Ordinateur-Maison est plut\u00f4t une aventure agr\u00e9able, menant \u00e0 la d\u00e9couverte de la relation de l&#8217;homme \u00e0 la machine.<br \/>\nNe soyez pas traumatis\u00e9 par les erreurs que vous pourrez commettre en apprenant le fonctionnement de l&#8217;Ordinateur-Maison.<br \/>\nCeux qui auront appris de leurs erreurs et auront ma\u00eetris\u00e9 ce livre pourront passer \u00e0 un stade plus \u00e9lev\u00e9 d&#8217;information et de m\u00e9thodes. Quelques-uns auront m\u00eame peut-\u00eatre envie d&#8217;en faire leur m\u00e9tier. Mais ne mettons pas la charrue avant les b\u0153ufs !&#8221;<\/p>\n<p><strong>Editor<\/strong> : Atari France<\/p>\n<p><strong>Author<\/strong> : &#8220;<em>William<\/em>&#8221; Carris for the french version, &#8220;<em>Bill<\/em>&#8221; (cover) or &#8220;<em>William<\/em>&#8221; Carris\u00a0 (page 2) for the US version.<\/p>\n<p><strong>Facts:<\/strong> The book has been translated by Atari France, all the American illustrations have been replaced by more &#8220;European&#8221; drawings (see above). The designer of the US version is not credited. For the French version it is <a href=\"https:\/\/www.rublon-artiste-peintre.com\/a-propos\" target=\"_blank\" rel=\"noopener\">Hubert Rublon, a french artist.<\/a><\/p>\n<p><strong>Translation<\/strong>: This is the french translation of &#8220;Inside Atari Basic&#8221; by William Carris.<\/p>\n<p><strong>Download<\/strong> : <a href=\"https:\/\/www.atarinside.com\/blog\/wp-content\/uploads\/2023\/04\/Connaitre-le-basic-Atari-atarinside.com_.pdf\">Connaitre le basic Atari<\/a><\/p>\n<p>&nbsp;<\/p>\n","protected":false},"excerpt":{"rendered":"<p>Connaitre le BASIC Atari\u00a0 \u00a0 \u00a0 Introduction : &#8220;Le but de cet ouvrage est de vous familiariser le plus simplement possible avec les concepts de base de la programmation en BASIC. Ce livre est un manuel de travail \u00e0 utiliser avec un Ordinateur-Maison ATARI\u00ae. Lorsque vous aurez fini de le lire, vous aurez non seulement [&hellip;]<\/p>\n","protected":false},"author":1,"featured_media":2133,"parent":2163,"menu_order":0,"comment_status":"closed","ping_status":"closed","template":"","meta":{"rop_custom_images_group":[],"rop_custom_messages_group":[],"rop_publish_now":"initial","rop_publish_now_accounts":{"facebook_10222809492399760_1734439746878587":""},"rop_publish_now_history":[],"rop_publish_now_status":"pending","footnotes":""},"class_list":["post-2131","page","type-page","status-publish","has-post-thumbnail","hentry"],"yoast_head":"<!-- This site is optimized with the Yoast SEO plugin v27.1.1 - https:\/\/yoast.com\/product\/yoast-seo-wordpress\/ -->\r\n<title>Connaitre le BASIC Atari\u00a0 - Atarinside<\/title>\r\n<meta name=\"description\" content=\"Connaitre le BASIC Atari\u00a0num\u00e9ris\u00e9 t\u00e9l\u00e9charger download 800xl 800 xl 600xl 8 bit\" \/>\r\n<meta name=\"robots\" content=\"index, follow, max-snippet:-1, max-image-preview:large, max-video-preview:-1\" \/>\r\n<link rel=\"canonical\" href=\"https:\/\/www.atarinside.com\/blog\/index.php\/books\/connaitre_le_basic_atari\/\" \/>\r\n<meta property=\"og:locale\" content=\"fr_FR\" \/>\r\n<meta property=\"og:type\" content=\"article\" \/>\r\n<meta property=\"og:title\" content=\"Connaitre le BASIC Atari\u00a0 - Atarinside\" \/>\r\n<meta property=\"og:description\" content=\"Connaitre le BASIC Atari\u00a0num\u00e9ris\u00e9 t\u00e9l\u00e9charger download 800xl 800 xl 600xl 8 bit\" \/>\r\n<meta property=\"og:url\" content=\"https:\/\/www.atarinside.com\/blog\/index.php\/books\/connaitre_le_basic_atari\/\" \/>\r\n<meta property=\"og:site_name\" content=\"Atarinside\" \/>\r\n<meta property=\"article:publisher\" content=\"https:\/\/fr-fr.facebook.com\/Atarinside\/\" \/>\r\n<meta property=\"article:modified_time\" content=\"2023-04-16T22:25:58+00:00\" \/>\r\n<meta property=\"og:image\" content=\"https:\/\/www.atarinside.com\/blog\/wp-content\/uploads\/2023\/04\/Connaitre-le-basic-Atari.001-scaled.jpg\" \/>\r\n\t<meta property=\"og:image:width\" content=\"1798\" \/>\r\n\t<meta property=\"og:image:height\" content=\"2560\" \/>\r\n\t<meta property=\"og:image:type\" content=\"image\/jpeg\" \/>\r\n<meta name=\"twitter:card\" content=\"summary_large_image\" \/>\r\n<meta name=\"twitter:site\" content=\"@atarinside_fr\" \/>\r\n<script type=\"application\/ld+json\" class=\"yoast-schema-graph\">{\"@context\":\"https:\/\/schema.org\",\"@graph\":[{\"@type\":\"WebPage\",\"@id\":\"https:\/\/www.atarinside.com\/blog\/index.php\/books\/connaitre_le_basic_atari\/\",\"url\":\"https:\/\/www.atarinside.com\/blog\/index.php\/books\/connaitre_le_basic_atari\/\",\"name\":\"Connaitre le BASIC Atari\u00a0 - Atarinside\",\"isPartOf\":{\"@id\":\"https:\/\/www.atarinside.com\/blog\/#website\"},\"primaryImageOfPage\":{\"@id\":\"https:\/\/www.atarinside.com\/blog\/index.php\/books\/connaitre_le_basic_atari\/#primaryimage\"},\"image\":{\"@id\":\"https:\/\/www.atarinside.com\/blog\/index.php\/books\/connaitre_le_basic_atari\/#primaryimage\"},\"thumbnailUrl\":\"https:\/\/www.atarinside.com\/blog\/wp-content\/uploads\/2023\/04\/Connaitre-le-basic-Atari.001-scaled.jpg\",\"datePublished\":\"2023-04-04T14:06:45+00:00\",\"dateModified\":\"2023-04-16T22:25:58+00:00\",\"description\":\"Connaitre le BASIC Atari\u00a0num\u00e9ris\u00e9 t\u00e9l\u00e9charger download 800xl 800 xl 600xl 8 bit\",\"breadcrumb\":{\"@id\":\"https:\/\/www.atarinside.com\/blog\/index.php\/books\/connaitre_le_basic_atari\/#breadcrumb\"},\"inLanguage\":\"fr-FR\",\"potentialAction\":[{\"@type\":\"ReadAction\",\"target\":[\"https:\/\/www.atarinside.com\/blog\/index.php\/books\/connaitre_le_basic_atari\/\"]}]},{\"@type\":\"ImageObject\",\"inLanguage\":\"fr-FR\",\"@id\":\"https:\/\/www.atarinside.com\/blog\/index.php\/books\/connaitre_le_basic_atari\/#primaryimage\",\"url\":\"https:\/\/www.atarinside.com\/blog\/wp-content\/uploads\/2023\/04\/Connaitre-le-basic-Atari.001-scaled.jpg\",\"contentUrl\":\"https:\/\/www.atarinside.com\/blog\/wp-content\/uploads\/2023\/04\/Connaitre-le-basic-Atari.001-scaled.jpg\",\"width\":1798,\"height\":2560,\"caption\":\"Connaitre le BASIC Atari\"},{\"@type\":\"BreadcrumbList\",\"@id\":\"https:\/\/www.atarinside.com\/blog\/index.php\/books\/connaitre_le_basic_atari\/#breadcrumb\",\"itemListElement\":[{\"@type\":\"ListItem\",\"position\":1,\"name\":\"Accueil\",\"item\":\"https:\/\/www.atarinside.com\/blog\/\"},{\"@type\":\"ListItem\",\"position\":2,\"name\":\"Books\",\"item\":\"https:\/\/www.atarinside.com\/blog\/index.php\/books\/\"},{\"@type\":\"ListItem\",\"position\":3,\"name\":\"Connaitre le BASIC Atari\u00a0\"}]},{\"@type\":\"WebSite\",\"@id\":\"https:\/\/www.atarinside.com\/blog\/#website\",\"url\":\"https:\/\/www.atarinside.com\/blog\/\",\"name\":\"Atarinside\",\"description\":\"Atari 8 bits European Games and Softwares Preservation (Atari France Germany Italy UK Benelux)\",\"publisher\":{\"@id\":\"https:\/\/www.atarinside.com\/blog\/#\/schema\/person\/3a8b5bb49e55fb95e6101a96c7afbdae\"},\"potentialAction\":[{\"@type\":\"SearchAction\",\"target\":{\"@type\":\"EntryPoint\",\"urlTemplate\":\"https:\/\/www.atarinside.com\/blog\/?s={search_term_string}\"},\"query-input\":{\"@type\":\"PropertyValueSpecification\",\"valueRequired\":true,\"valueName\":\"search_term_string\"}}],\"inLanguage\":\"fr-FR\"},{\"@type\":[\"Person\",\"Organization\"],\"@id\":\"https:\/\/www.atarinside.com\/blog\/#\/schema\/person\/3a8b5bb49e55fb95e6101a96c7afbdae\",\"name\":\"Atarinside\",\"image\":{\"@type\":\"ImageObject\",\"inLanguage\":\"fr-FR\",\"@id\":\"https:\/\/www.atarinside.com\/blog\/#\/schema\/person\/image\/\",\"url\":\"https:\/\/www.atarinside.com\/blog\/wp-content\/uploads\/2021\/05\/Atarinside-logo-square-512.png\",\"contentUrl\":\"https:\/\/www.atarinside.com\/blog\/wp-content\/uploads\/2021\/05\/Atarinside-logo-square-512.png\",\"width\":512,\"height\":512,\"caption\":\"Atarinside\"},\"logo\":{\"@id\":\"https:\/\/www.atarinside.com\/blog\/#\/schema\/person\/image\/\"},\"sameAs\":[\"https:\/\/www.atarinside.com\/\",\"https:\/\/fr-fr.facebook.com\/Atarinside\/\",\"https:\/\/x.com\/atarinside_fr\"]}]}<\/script>\r\n<!-- \/ Yoast SEO plugin. -->","yoast_head_json":{"title":"Connaitre le BASIC Atari\u00a0 - Atarinside","description":"Connaitre le BASIC Atari\u00a0num\u00e9ris\u00e9 t\u00e9l\u00e9charger download 800xl 800 xl 600xl 8 bit","robots":{"index":"index","follow":"follow","max-snippet":"max-snippet:-1","max-image-preview":"max-image-preview:large","max-video-preview":"max-video-preview:-1"},"canonical":"https:\/\/www.atarinside.com\/blog\/index.php\/books\/connaitre_le_basic_atari\/","og_locale":"fr_FR","og_type":"article","og_title":"Connaitre le BASIC Atari\u00a0 - Atarinside","og_description":"Connaitre le BASIC Atari\u00a0num\u00e9ris\u00e9 t\u00e9l\u00e9charger download 800xl 800 xl 600xl 8 bit","og_url":"https:\/\/www.atarinside.com\/blog\/index.php\/books\/connaitre_le_basic_atari\/","og_site_name":"Atarinside","article_publisher":"https:\/\/fr-fr.facebook.com\/Atarinside\/","article_modified_time":"2023-04-16T22:25:58+00:00","og_image":[{"width":1798,"height":2560,"url":"https:\/\/www.atarinside.com\/blog\/wp-content\/uploads\/2023\/04\/Connaitre-le-basic-Atari.001-scaled.jpg","type":"image\/jpeg"}],"twitter_card":"summary_large_image","twitter_site":"@atarinside_fr","schema":{"@context":"https:\/\/schema.org","@graph":[{"@type":"WebPage","@id":"https:\/\/www.atarinside.com\/blog\/index.php\/books\/connaitre_le_basic_atari\/","url":"https:\/\/www.atarinside.com\/blog\/index.php\/books\/connaitre_le_basic_atari\/","name":"Connaitre le BASIC Atari\u00a0 - Atarinside","isPartOf":{"@id":"https:\/\/www.atarinside.com\/blog\/#website"},"primaryImageOfPage":{"@id":"https:\/\/www.atarinside.com\/blog\/index.php\/books\/connaitre_le_basic_atari\/#primaryimage"},"image":{"@id":"https:\/\/www.atarinside.com\/blog\/index.php\/books\/connaitre_le_basic_atari\/#primaryimage"},"thumbnailUrl":"https:\/\/www.atarinside.com\/blog\/wp-content\/uploads\/2023\/04\/Connaitre-le-basic-Atari.001-scaled.jpg","datePublished":"2023-04-04T14:06:45+00:00","dateModified":"2023-04-16T22:25:58+00:00","description":"Connaitre le BASIC Atari\u00a0num\u00e9ris\u00e9 t\u00e9l\u00e9charger download 800xl 800 xl 600xl 8 bit","breadcrumb":{"@id":"https:\/\/www.atarinside.com\/blog\/index.php\/books\/connaitre_le_basic_atari\/#breadcrumb"},"inLanguage":"fr-FR","potentialAction":[{"@type":"ReadAction","target":["https:\/\/www.atarinside.com\/blog\/index.php\/books\/connaitre_le_basic_atari\/"]}]},{"@type":"ImageObject","inLanguage":"fr-FR","@id":"https:\/\/www.atarinside.com\/blog\/index.php\/books\/connaitre_le_basic_atari\/#primaryimage","url":"https:\/\/www.atarinside.com\/blog\/wp-content\/uploads\/2023\/04\/Connaitre-le-basic-Atari.001-scaled.jpg","contentUrl":"https:\/\/www.atarinside.com\/blog\/wp-content\/uploads\/2023\/04\/Connaitre-le-basic-Atari.001-scaled.jpg","width":1798,"height":2560,"caption":"Connaitre le BASIC Atari"},{"@type":"BreadcrumbList","@id":"https:\/\/www.atarinside.com\/blog\/index.php\/books\/connaitre_le_basic_atari\/#breadcrumb","itemListElement":[{"@type":"ListItem","position":1,"name":"Accueil","item":"https:\/\/www.atarinside.com\/blog\/"},{"@type":"ListItem","position":2,"name":"Books","item":"https:\/\/www.atarinside.com\/blog\/index.php\/books\/"},{"@type":"ListItem","position":3,"name":"Connaitre le BASIC Atari\u00a0"}]},{"@type":"WebSite","@id":"https:\/\/www.atarinside.com\/blog\/#website","url":"https:\/\/www.atarinside.com\/blog\/","name":"Atarinside","description":"Atari 8 bits European Games and Softwares Preservation (Atari France Germany Italy UK Benelux)","publisher":{"@id":"https:\/\/www.atarinside.com\/blog\/#\/schema\/person\/3a8b5bb49e55fb95e6101a96c7afbdae"},"potentialAction":[{"@type":"SearchAction","target":{"@type":"EntryPoint","urlTemplate":"https:\/\/www.atarinside.com\/blog\/?s={search_term_string}"},"query-input":{"@type":"PropertyValueSpecification","valueRequired":true,"valueName":"search_term_string"}}],"inLanguage":"fr-FR"},{"@type":["Person","Organization"],"@id":"https:\/\/www.atarinside.com\/blog\/#\/schema\/person\/3a8b5bb49e55fb95e6101a96c7afbdae","name":"Atarinside","image":{"@type":"ImageObject","inLanguage":"fr-FR","@id":"https:\/\/www.atarinside.com\/blog\/#\/schema\/person\/image\/","url":"https:\/\/www.atarinside.com\/blog\/wp-content\/uploads\/2021\/05\/Atarinside-logo-square-512.png","contentUrl":"https:\/\/www.atarinside.com\/blog\/wp-content\/uploads\/2021\/05\/Atarinside-logo-square-512.png","width":512,"height":512,"caption":"Atarinside"},"logo":{"@id":"https:\/\/www.atarinside.com\/blog\/#\/schema\/person\/image\/"},"sameAs":["https:\/\/www.atarinside.com\/","https:\/\/fr-fr.facebook.com\/Atarinside\/","https:\/\/x.com\/atarinside_fr"]}]}},"_links":{"self":[{"href":"https:\/\/www.atarinside.com\/blog\/index.php\/wp-json\/wp\/v2\/pages\/2131","targetHints":{"allow":["GET"]}}],"collection":[{"href":"https:\/\/www.atarinside.com\/blog\/index.php\/wp-json\/wp\/v2\/pages"}],"about":[{"href":"https:\/\/www.atarinside.com\/blog\/index.php\/wp-json\/wp\/v2\/types\/page"}],"author":[{"embeddable":true,"href":"https:\/\/www.atarinside.com\/blog\/index.php\/wp-json\/wp\/v2\/users\/1"}],"replies":[{"embeddable":true,"href":"https:\/\/www.atarinside.com\/blog\/index.php\/wp-json\/wp\/v2\/comments?post=2131"}],"version-history":[{"count":0,"href":"https:\/\/www.atarinside.com\/blog\/index.php\/wp-json\/wp\/v2\/pages\/2131\/revisions"}],"up":[{"embeddable":true,"href":"https:\/\/www.atarinside.com\/blog\/index.php\/wp-json\/wp\/v2\/pages\/2163"}],"wp:featuredmedia":[{"embeddable":true,"href":"https:\/\/www.atarinside.com\/blog\/index.php\/wp-json\/wp\/v2\/media\/2133"}],"wp:attachment":[{"href":"https:\/\/www.atarinside.com\/blog\/index.php\/wp-json\/wp\/v2\/media?parent=2131"}],"curies":[{"name":"wp","href":"https:\/\/api.w.org\/{rel}","templated":true}]}}